{"id":15,"date":"2018-11-04T12:24:45","date_gmt":"2018-11-04T11:24:45","guid":{"rendered":"http:\/\/www.sozialstation-tabea.de\/badkohlgrub\/?page_id=15"},"modified":"2018-11-04T12:24:45","modified_gmt":"2018-11-04T11:24:45","slug":"zu-hause","status":"publish","type":"page","link":"http:\/\/www.sozialstation-tabea.de\/badkohlgrub\/zu-hause\/","title":{"rendered":"ZU HAUSE"},"content":{"rendered":"<h1>Grund- und Behandlungspflege<\/h1>\n<p>Wir helfen Ihnen im Alltag. Von der K\u00f6rperpflege und Ern\u00e4hrung \u00fcber \u00e4rztlich verordnete Medikamente und Verb\u00e4nde bis zur Hilfe bei Bewegungs- und Geh\u00fcbungen.<\/p>\n<h1>Haushalt<\/h1>\n<p>Wir kaufen f\u00fcr Sie ein, reinigen Ihre Wohnung und k\u00fcmmern uns bei Bedarf um Ihre W\u00e4sche.<\/p>\n<h1>Wege<\/h1>\n<p>Wir begleiten Sie zu \u00c4rzten, Beh\u00f6rden und wenn Sie m\u00f6chten auch bei Ihren Spazierg\u00e4ngen.<\/p>\n<h1>Hilfsmittel<\/h1>\n<p>Wir vermitteln Gehhilfen, Badelifter, Krankenbetten, Rollst\u00fchle und andere Hilfsmittel.<\/p>\n<p>&nbsp;<\/p>\n","protected":false},"excerpt":{"rendered":"<p>Grund- und Behandlungspflege Wir helfen Ihnen im Alltag. Von der K\u00f6rperpflege und Ern\u00e4hrung \u00fcber \u00e4rztlich verordnete Medikamente und Verb\u00e4nde bis zur Hilfe bei Bewegungs- und Geh\u00fcbungen. Haushalt Wir kaufen f\u00fcr Sie ein, reinigen Ihre Wohnung und k\u00fcmmern uns bei Bedarf um Ihre W\u00e4sche. Wege Wir begleiten Sie zu \u00c4rzten, Beh\u00f6rden und wenn Sie m\u00f6chten auch &hellip; <\/p>\n<p class=\"link-more\"><a href=\"http:\/\/www.sozialstation-tabea.de\/badkohlgrub\/zu-hause\/\" class=\"more-link\"><span class=\"screen-reader-text\">&#8222;ZU HAUSE&#8220;<\/span> weiterlesen<\/a><\/p>\n","protected":false},"author":1,"featured_media":0,"parent":0,"menu_order":0,"comment_status":"closed","ping_status":"closed","template":"","meta":[],"_links":{"self":[{"href":"http:\/\/www.sozialstation-tabea.de\/badkohlgrub\/wp-json\/wp\/v2\/pages\/15"}],"collection":[{"href":"http:\/\/www.sozialstation-tabea.de\/badkohlgrub\/wp-json\/wp\/v2\/pages"}],"about":[{"href":"http:\/\/www.sozialstation-tabea.de\/badkohlgrub\/wp-json\/wp\/v2\/types\/page"}],"author":[{"embeddable":true,"href":"http:\/\/www.sozialstation-tabea.de\/badkohlgrub\/wp-json\/wp\/v2\/users\/1"}],"replies":[{"embeddable":true,"href":"http:\/\/www.sozialstation-tabea.de\/badkohlgrub\/wp-json\/wp\/v2\/comments?post=15"}],"version-history":[{"count":1,"href":"http:\/\/www.sozialstation-tabea.de\/badkohlgrub\/wp-json\/wp\/v2\/pages\/15\/revisions"}],"predecessor-version":[{"id":16,"href":"http:\/\/www.sozialstation-tabea.de\/badkohlgrub\/wp-json\/wp\/v2\/pages\/15\/revisions\/16"}],"wp:attachment":[{"href":"http:\/\/www.sozialstation-tabea.de\/badkohlgrub\/wp-json\/wp\/v2\/media?parent=15"}],"curies":[{"name":"wp","href":"https:\/\/api.w.org\/{rel}","templated":true}]}}