{"id":17,"date":"2018-11-04T12:33:13","date_gmt":"2018-11-04T11:33:13","guid":{"rendered":"http:\/\/www.sozialstation-tabea.de\/badkohlgrub\/?page_id=17"},"modified":"2018-11-04T12:33:13","modified_gmt":"2018-11-04T11:33:13","slug":"in-gewohnter-umgebung","status":"publish","type":"page","link":"http:\/\/www.sozialstation-tabea.de\/badkohlgrub\/in-gewohnter-umgebung\/","title":{"rendered":"IN GEWOHNTER UMGEBUNG"},"content":{"rendered":"<h1>Beratung<\/h1>\n<p>Wir unterst\u00fctzen pflegende angeh\u00f6rige durch pers\u00f6nliche Beratung und Anleitung.<\/p>\n<p>&nbsp;<\/p>\n<h1>Sprechen Sie mit uns.<\/h1>\n<p>Wir beraten gerne in Fragen der ambulanten Pflege und informieren Sie \u00fcber Gesundheitsvorsorge, das Pflegeversicherungsgesetz und seine Auswirkungen.<\/p>\n<p>Oft stehen Menschen im Alter, nach Erkrankungen, Operationen oder Unf\u00e4llen ratlos vor einer ver\u00e4nderten Lebenssituation.<\/p>\n<p>An dieser Stelle m\u00f6chten wir beratend, unterst\u00fctzend und betreuend helfen. Wir setzen uns daf\u00fcr ein, dass Sie mit Ihren Bekannten, Freunden und Angeh\u00f6rigen in Ihrer vertrauten Umgebung zusammen bleiben und leben k\u00f6nnen.<\/p>\n<p>Durch individuell abgestimmte Unterst\u00fctzung und Pflege, helfen wir Ihnen die allt\u00e4glichen Probleme zu bew\u00e4ltigen.<\/p>\n<p>&nbsp;<\/p>\n<p><strong>Sprechen Sie mit uns.<\/strong><\/p>\n<p><strong>Unser TEAM ist gerne f\u00fcr Sie da.<\/strong><\/p>\n","protected":false},"excerpt":{"rendered":"<p>Beratung Wir unterst\u00fctzen pflegende angeh\u00f6rige durch pers\u00f6nliche Beratung und Anleitung. &nbsp; Sprechen Sie mit uns. Wir beraten gerne in Fragen der ambulanten Pflege und informieren Sie \u00fcber Gesundheitsvorsorge, das Pflegeversicherungsgesetz und seine Auswirkungen. Oft stehen Menschen im Alter, nach Erkrankungen, Operationen oder Unf\u00e4llen ratlos vor einer ver\u00e4nderten Lebenssituation. An dieser Stelle m\u00f6chten wir beratend, unterst\u00fctzend &hellip; <\/p>\n<p class=\"link-more\"><a href=\"http:\/\/www.sozialstation-tabea.de\/badkohlgrub\/in-gewohnter-umgebung\/\" class=\"more-link\"><span class=\"screen-reader-text\">&#8222;IN GEWOHNTER UMGEBUNG&#8220;<\/span> weiterlesen<\/a><\/p>\n","protected":false},"author":1,"featured_media":0,"parent":0,"menu_order":0,"comment_status":"closed","ping_status":"closed","template":"","meta":[],"_links":{"self":[{"href":"http:\/\/www.sozialstation-tabea.de\/badkohlgrub\/wp-json\/wp\/v2\/pages\/17"}],"collection":[{"href":"http:\/\/www.sozialstation-tabea.de\/badkohlgrub\/wp-json\/wp\/v2\/pages"}],"about":[{"href":"http:\/\/www.sozialstation-tabea.de\/badkohlgrub\/wp-json\/wp\/v2\/types\/page"}],"author":[{"embeddable":true,"href":"http:\/\/www.sozialstation-tabea.de\/badkohlgrub\/wp-json\/wp\/v2\/users\/1"}],"replies":[{"embeddable":true,"href":"http:\/\/www.sozialstation-tabea.de\/badkohlgrub\/wp-json\/wp\/v2\/comments?post=17"}],"version-history":[{"count":1,"href":"http:\/\/www.sozialstation-tabea.de\/badkohlgrub\/wp-json\/wp\/v2\/pages\/17\/revisions"}],"predecessor-version":[{"id":18,"href":"http:\/\/www.sozialstation-tabea.de\/badkohlgrub\/wp-json\/wp\/v2\/pages\/17\/revisions\/18"}],"wp:attachment":[{"href":"http:\/\/www.sozialstation-tabea.de\/badkohlgrub\/wp-json\/wp\/v2\/media?parent=17"}],"curies":[{"name":"wp","href":"https:\/\/api.w.org\/{rel}","templated":true}]}}